 prime factors of k?
53, 233
Let b(s) = 179*s**2 + 2*s + 1. Let x be (2/(-2))/((-12)/(-12)). What are the prime factors of b(x)?
2, 89
Suppose 12*x + 10*x - 438670 = 114696. What are the prime factors of x?
25153
Let p = 3496 + -4998. Let x = p + 2259. What are the prime factors of x?
757
Let l = 2656 + -1472. Suppose 2*i + 1602 = 4*w + 7*i, -5*i = -3*w + l. What are the prime factors of w?
2, 199
List the prime factors of (-18)/15*40370/(-44).
3, 367
Let m = -678 + 293. Let j = 637 + m. What are the prime factors of j?
2, 3, 7
Let t(c) = -c**3 - 1 - 8*c - c**2 - 5*c**2 + 14*c. Let y(l) = l**2 - 6*l - 8. Let a be y(6). List the prime factors of t(a).
79
Let x(i) = i**3 + 8*i**2 + 8*i + 10. Let s be x(-7). Suppose -268 = -s*g - g. Let t = g - 39. List the prime factors of t.
2, 7
Let u = 10242 + 18221. What are the prime factors of u?
28463
Let k be (-22)/(-5) + (-30)/75. Suppose 12*y + 67 - 67 = 0. Suppose -5*z + k*z = x - 5, y = 4*z - 4*x - 4. List the prime factors of z.
3
Suppose 0 = 54*c - 16806 - 635082. List the prime factors of c.
2, 3, 503
Let i = 65 - 54. What are the prime factors of (i + 0)/((-3)/(-9))?
3, 11
Let j be -5 + (-85)/(-20) + (-102)/(-8). Suppose -2*v = -m + 56, -2 + j = 2*v. Suppose -2*x + m = 5*t, x + 3*t + 0*t = 31. List the prime factors of x.
43
Let t(o) = -6*o - 32. Let k be t(-6). Suppose -k*g - 17*y = -22*y - 1432, -5*y = g - 383. What are the prime factors of g?
3, 11
Suppose -19*y = -30053 - 97380. What are the prime factors of y?
19, 353
Let q(z) be the first derivative of 3*z**3 + 6*z - 40. Let x(c) = 3*c**2 + 2*c - 2. Let w be x(1). What are the prime factors of q(w)?
3, 29
Suppose 5*n = -2*y + 97882, -3*n - 12*y + 58782 = -2*y. List the prime factors of n.
2, 9787
Let u(b) = 20*b**3 + 4*b**2 - 4*b + 9. Let h(s) = -3*s**3 + s - 1. Let v(i) = -5*h(i) - u(i). Suppose -g + 3 = -2*g. List the prime factors of v(g).
2, 7
Suppose -36 = -9*c + 9. Let u be 3 - (-1 + 2/1). Suppose 4*m = -5*q + 15, c*q - 2*q - u = -m. What are the prime factors of m?
5
Let t(b) = b**3 + 12*b**2 + 14*b + 2. Suppose 4*k - 2*i - 13 = -63, 38 = -3*k + 2*i. Let l be (-2 - k)/((-3 - -4) + -2). What are the prime factors of t(l)?
2, 31
Let n = 41 + -41. Suppose n = -2*u - 0*u + 816. Suppose 57 = -3*i + u. What are the prime factors of i?
3, 13
Let r be (2 - -123)/5 + -4. Let n = -14 + r. Suppose w - 200 = -n*w. List the prime factors of w.
5
Let l = -2999 - -13105. List the prime factors of l.
2, 31, 163
Let c = 77 + 3573. List the prime factors of c.
2, 5, 73
Let b(m) = 104*m + 1. Suppose 31 = 4*d - 3*r, -5*r = 10*d - 6*d - 55. List the prime factors of b(d).
3, 347
Let s be -7 + 3*(-9)/(-27) - -223. Let q(b) = 11*b**3 + b - 1. Let p be q(2). Let o = s - p. What are the prime factors of o?
2
Let a(x) = x**2 + 79*x - 231. List the prime factors of a(29).
3, 967
Suppose 6*o + 12507 - 2331 = 0. List the prime factors of (-2 - o/(-10))*130/(-39).
2, 11, 13
Suppose 2*o = -0*o - 0*o. Suppose 300 = 2*c - 3*t, o = -4*c + 6*c + 2*t - 310. List the prime factors of c.
3, 17
Suppose 2 = -3*i + 11. Suppose 8*v = 3*s + 3*v, i*v = -5*s. List the prime factors of (-1 + 76)*(-2 + s)/(-2).
3, 5
Let p be (-12)/(12/3) - (-49 + -2). Suppose -53*b + 57*b - p = 0. Suppose 4*g + 121 = -2*r + 379, -4*g + b = 0. What are the prime factors of r?
3, 41
Let k(s) = 10*s**3 - 43*s**2 - 14*s - 20. List the prime factors of k(6).
2, 127
Let m = -1197 + 1202. Suppose -h + 0*h = -147. Suppose -3*n - 12 = 0, -c + 0*c + h = -m*n. What are the prime factors of c?
127
Let f = -374 + 536. List the prime factors of (-1058)/(-2) - f/(-27).
5, 107
Let d(g) = 5*g**2 - 7*g + 6. Let x(j) = -j**3 - 13*j**2 - j - 8. Let o be x(-13). Let a be d(o). Suppose a = 34*z - 31*z. List the prime factors of z.
2
Suppose -3*z - 2*n + 863 = 0, 14*z - 3*n + 276 = 15*z. Let c = z + 109. What are the prime factors of c?
2, 5
Suppose 971*m - 15620926 = 325*m. What are the prime factors of m?
24181
Suppose 12 = -u - 7. Let v = 635 + u. What are the prime factors of v?
2, 7, 11
Let z be 12/20 + (-108)/5. Let x = 1 - z. Let m = 21 + x. What are the prime factors of m?
43
Suppose 1459*o - 1462*o = -151596. List the prime factors of o.
2, 3, 4211
Suppose -3*v - 2*v + 7 = -3*m, v + m - 3 = 0. Suppose 5*q + v*p + 492 = 2188, 2*q = -4*p + 688. What are the prime factors of q?
2, 13
Let r = -10 + 12. Suppose -3 = i - r. List the prime factors of (5/(-2) - -2)/(i/200).
2, 5
Suppose -4*d = -1926 - 2354. Suppose -7*y - d = 78. Let f = 231 + y. What are the prime factors of f?
67
Let q(v) = -v**3 + 41*v**2 - 126*v - 55. What are the prime factors of q(35)?
5, 577
Suppose 24*a = 52857 + 5631. What are the prime factors of a?
2437
What are the prime factors of (-3 + 651/(-9))*(-147 - (6 - -6))?
2, 53, 113
Suppose 729766 = 26*a + 135822 - 505076. What are the prime factors of a?
2, 3, 5, 1409
Suppose -3*f - 800 + 2757 = -5*h, -5*f + 4*h + 3253 = 0. Let s = f - 561. List the prime factors of s.
2, 11
Suppose -5*s = 4 + 16. Let y be (84/70)/(s/10). What are the prime factors of 644/8*(-6)/y?
7, 23
Let d(l) be the first derivative of 634*l**3/3 + 3*l**2/2 + 4*l - 6. Let y be d(-1). Let k = y + -426. List the prime factors of k.
11, 19
Let t = -724 - -727. Suppose -4*m = -2*f - 3404, -t*m - 3*f + 2221 + 314 = 0. List the prime factors of m.
3, 283
Let j be (-2120)/(-742)*(-49)/(-2). What are the prime factors of 3*(-1)/(-7) + 61360/j?
877
Let f(s) = -2*s**3 + 17*s**2 - 32*s - 1012. What are the prime factors of f(-25)?
61, 683
Let y(r) = -10*r + 323. Let i be 3/9 - 5/15. List the prime factors of y(i).
17, 19
Let q(g) = g**3 - 33*g**2 - 15*g - 126. List the prime factors of q(44).
2, 5, 7, 293
Let q = 18862 + -10169. What are the prime factors of q?
8693
Let f = -58 - 382. Let i = f + 1177. What are the prime factors of i?
11, 67
Let v(h) = h**2 + 22*h + 42. Let x be v(-20). Suppose 4*q = -2*p - 90, x*q + 79 + 36 = -3*p. What are the prime factors of 22/(-15)*-24 + 7/p?
5, 7
Let w = 40818 + -27252. What are the prime factors of w?
2, 3, 7, 17, 19
Suppose 3 = l + 5, -2*l + 71 = 5*h. Suppose h*c = 5*c - 340. Let g = 97 - c. List the prime factors of g.
131
List the prime factors of 712386/81 - ((-1)/(-12))/(24/(-32)).
5, 1759
Suppose p - 4*d - 15534 - 3270 = 0, 0 = 2*p + d - 37599. List the prime factors of p.
2, 5, 47
Let t = 1950 - -163. What are the prime factors of t?
2113
Suppose -3*d - 5 = -2*s - 2*d, -d + 1 = 4*s. Suppose -s = 2*r - 5. What are the prime factors of (r + -51)/((-2 + -3)/10)?
2, 7
Let w(b) = 32*b**2 - 6*b - 6. Let x be w(6). Suppose -2*y = 4*k - x, 2*k - 2*y - 323 = 229. What are the prime factors of k?
277
Suppose 0 = 3*j + b + 1303, 2*j = -0*b + 3*b - 854. Let u = 330 - j. List the prime factors of u.
7, 109
Suppose -4797 = -3*k - 5*s, 3*k = s + 1783 + 3032. Suppose -2*v - 302 + 946 = r, -5*v = 4*r - k. List the prime factors of v.
2, 3
Let y(o) = -o**3 + 12*o**2 + 42*o + 11. Let n be y(16). Let g = n + 817. List the prime factors of g.
2, 7, 17
Suppose 0 = -x + 5, k = 3*x - 8*x + 118. Let u = k - -9. What are the prime factors of u?
2, 3, 17
Suppose 4 = 4*t, -5 = 4*h + 5*t + 2. Let o(c) = 27*c**3 - 30*c**3 - 4*c**2 + 8*c - c + 2*c**2. List the prime factors of o(h).
2, 3, 7
List the prime factors of (-101890)/(-8)*(-3036)/(-1265).
3, 23, 443
Let v be (-858)/(-10) + 2 + (-27)/15. Let b = v + -52. Let q = b + 19. List the prime factors of q.
53
Let s(i) = 277*i**3 + 19*i**2 - 66*i - 2. List the prime factors of s(5).
2, 41, 53
Suppose 2*z + 4*b - 14 = 0, 1 = -12*z + 9*z + 5*b. Suppose z*t - 9 = 0, 5*t - 424 = -q + 149. What are the prime factors of q?
2, 3, 31
Let b be (-6 - -236)/(-5 - -7). List the prime factors of (24096/56)/(-3 - b/(-35)).
2, 3, 251
Let f = 78 - 16. Let w = f - -402. What are the prime factors of w?
2, 29
Suppose -5*t = 4*t. Suppose 5*z - 13*z - 1184 = t. Let j = -37 - z. What are the prime factors of j?
3, 37
Let w(h) = 9*h**2 + 10*h - 42. Let l be w(7). Suppose t = -5*r + 437, t + 3*r - l = 6*r. List the prime factors of t.
457
Let u(m) = 17*m**3 + 11*m**2 + 52*m + 147. Let s(p) = -6*p**3 - 3*p**2 - 17*p - 49. Let d(o) = -8*s(o) - 3*u(o). What are the prime factors of d(-8)?
3, 7, 17
Let m = 85375 + -48640. What are the prime factors of m?
3, 5, 31, 79
Suppose -a = w - 21476